+ 27?
36
90 + (-204 - 53) + 131
-36
Evaluate -14 - (-73 + 24 + -3 + -1 + -4).
43
What is the value of (-6 + 9 - (-2 - (-5 + -5))) + (-45 - -9)?
-41
What is the value of 56 + -56 - ((3 - -1) + (-3 - 38))?
37
-32 + (-1 - -15) + -70 + 3 + -3 + 0
-88
Calculate 1 + -14 + (36 - 15) + 15 + 4.
27
Calculate (-2 - 7 - (-285 - -400)) + 24.
-100
What is (16 - (39 - 19)) + 22?
18
What is (-3 - -6) + (3 - 14 - -1 - (0 - -38))?
-45
Calculate -78 + -44 + 63 + -1 + 35.
-25
Evaluate -7 - (40 + 4 + 2 + -14 + -3).
-36
Evaluate 34 - (1911 + -1877 - (0 - 10)).
-10
What is 5 + (-9 - (1 - 8 - (-10 - (-8 - -6))))?
-5
What is the value of -32 + (94 - 58) + 23?
27
(-146 - -102 - -224) + -91
89
Calculate -106 - (10 - 60) - 0.
-56
What is 13 + 90 + (-18 - 29)?
56
Evaluate -12 - (30 + 25 + -17 - 12).
-38
(26 - -99 - 118) + 26
33
What is the value of -3 + 5 + 2 + 1 + (-6 - -17) + -19?
-3
What is (-13 - 1) + 3 + 111 + -81 + -54?
-35
(423 - 420) + (-10 - -10)
3
What is the value of -11 + 20 + -4 + -3 + (-2 - (2 + 46))?
-48
Calculate 17 + -2 - 22 - (-99 + 3) - (-6 - 9).
104
Calculate (0 - 11) + (-26 + 8 + 18 + -15 - 11).
-37
-20 + -8 + -15 + 24 + 16
-3
Calculate -1502 - -1464 - (1 + -119) - 20.
60
67 + (-38 - (53 + -88))
64
Calculate -3284 - -3238 - (1 + -64).
17
What is the value of (-3 - -3) + -5 - (12 + -42) - (-164 - -168)?
21
(26 - 49 - -16) + 38
31
What is (-49 - 2) + 172 + -149 + 5?
-23
What is 227 + -326 - (-37 - -8)?
-70
(9517 - 9397) + 1 + -83
38
Calculate 24 + -2 + -2 + 2 - (126 + (98 - 237)).
35
(11 - (-12 - -17)) + (-4 - 5 - -2)
-1
Evaluate -14 + 1 - (-11 - -36 - 38).
0
Evaluate (-5 + 18 + -4 - (5 + -5)) + (-25 - -14).
-2
What is the value of -10 + 14 + 10 + 19 + -33 + 6 + -2?
4
Calculate (126 - 185 - 97) + 48.
-108
What is the value of (-482 - -468) + (34 - 1)?
19
Evaluate 32 - (44 + 7 + -28 + 77).
-68
What is 11 - ((25 + 4 - 12) + -58 + -1 + 0)?
53
Evaluate -96 + (0 - 2) - (-221 - (-247 + 31)).
-93
Calculate 184 - 145 - (36 + 12) - 86.
-95
Calculate 1 + -9 - (-3304 - -3234 - ((-2 - -3) + 3)).
66
-43 + ((-5 - -15) + -6 - (18 + -7 - 6))
-44
What is the value of (-94 - -95) + (1 - 15 - 0) - -7?
-6
What is ((-4 - -3) + 1 + 4 - 12) + 39 + 19?
50
Evaluate 2 + -3 + -2418 + 2371.
-48
What is the value of (33 + -18 - (2 + 14)) + 13 + -80?
-68
Calculate 29 + -21 - 46 - 24.
-62
164 + -137 + (20 - 12)
35
-17 - ((-12 - (-44 - -22)) + 4)
-31
Evaluate -15 - -46 - (11 - -19).
1
Evaluate (65 - 20) + 27 - 69.
3
Evaluate (87 - 76) + 25 + 1 + -16.
21
Calculate -38 + -53 + -6 + 84.
-13
Evaluate -6 + 0 - (92 + -44 - 73).
19
58 + -12 + 17 + -4 + -35
24
What is -3 + 1 + (-766 - -809)?
41
What is -20 - (8 + (-12 - 13)) - -11 - -22?
30
-35 + -16 + -4 + 41
-14
What is the value of -13 + (-8 - -30) - 39?
-30
What is 130 + 3 + (-19 - ((5 - -9) + -26))?
126
Evaluate 8 + 30 + 33 + -28 + 54.
97
Calculate -8 + 14 + (-107 - -150).
49
-63 - (-2 + 1 - (-23 + 96 - 54))
-43
Evaluate (-5927 - -5870) + 0 + 84.
27
What is 36 + (10 - (-21 - -52)) - 55?
-40
Evaluate (59 - 61) + 17 + 19.
34
89 + -40 + -58 + 88
79
What is the value of 10 - -26 - (-10 - -10)?
36
(12 + -37 + -20 - 2) + (4 - 2 - 3)
-48
Evaluate 6 + (-58 + 7 + 57 - (0 + -60)) - -7.
79
What is the value of (-6 - (12 + -5)) + -29 + -1 + 2 + -3?
-44
-5 + -80 + 82 + (2 - -45)
44
What is the value of 21 + (27 + -84 - -6)?
-30
-104 + -43 + 132 - (0 + -2)
-13
Evaluate -64 + 7 + -65 + 71.
-51
0 - 1 - ((74 + -25 - 41) + 58)
-67
Evaluate (0 - (-51 - -5)) + 7 + 6 + 3 - -1.
63
Evaluate (30 - (24 - 1)) + 1 + 33.
41
7 - (-3 + -21 + 86 - -28)
-83
Evaluate (-63 - -23) + (11 - 21) + (2 - 5).
-53
What is the value of -41 - (-2 + (21 - 30) + -9 + 3)?
-24
What is the value of (-1 - 34) + (-1143 - -1157)?
-21
(0 - -16) + 90 + -85
21
Calculate 9 - ((13 - 2 - 7) + 0) - 8.
-3
Evaluate (14 - 126) + (-469 - -585).
4
What is the value of (-2 - -2) + -27 + 7747 + -7760?
-40
-32 + 33 + 27 + 14 + -81
-39
What is -109 + (3 - (6 + -5 + 3 - 11)) + -11?
-110
What is the value of (11 + -58 - (3 - 11) - -7) + -5?
-37
What is (-5 + -8 - -4) + (4 - (-13 - 1)) + 10?
19
Evaluate 296 + -306 - (-3 + -111 + 16 + -10 + 3).
95
What is the value of -44 + -99 + 179 + 3?
39
Calculate 11 + 0 + -2389 + 2387.
9
-7 + (-5 + 38 - (-239 - -262))
3
What is the value of (-7 - 2 - (-52 - -46)) + -10 - (80 - 8)?
-85
Evaluate -81 - (-89 - -2) - 65.
-59
What is the value of -2 + 3 + 2 - (-34 + 87 + -48 + 27)?
-29
Evaluate -40 - (26 - 44) - (30 + -66).
14
What is the value of 12 + 1 - (49 + (20 - 56)) - (-2 + -40)?
42
What is (-19 - (64 - 25 - 21)) + (-1 - 0)?
-38
What is -106 - -39 - -194 - 57?
70
Calculate 3 + (-59 - 2) + (-168 - -185).
-41
Evaluate -58 + (-15 - (-16 - (-17 - (0 - 3 - 4)))).
-67
Evaluate (-46 - -2) + (149 - (136 + -15)).
-16
Evaluate 3 + -3 + 4 + -14 + -23.
-33
-486 + 520 + (16 - 4)
46
Evaluate 177 - 127 - ((4 - 20) + 0).
66
Evaluate -10 - (-29 + 9 + 16 - 4).
-2
-2 - -38 - -2 - (11 - (18 + 20 + -28))
37
What is 36 + (11 - 6) + -4 + (18 - (-7 - -20))?
42
(16 - 68) + 81 + 30
59
What is the value of (-10 - -132) + 2 - (162 - 163 - (-12 + 1))?
114
Calculate -12 + 7 + -8 + 7 - (-27 + 20 + 25).
-24
Evaluate (52 - 22) + (-24 - -22).
28
Calculate -248 - -241 - (-1 + -1 + -83).
78
Calculate -2 - (1 - -7) - (-2 + 34 + 946 + -938).
-50
Evaluate 3 + 4 + -6 - (17 - (-13 - 6 - 15)).
-50
Evaluate -65 - (-211 + 29) - 35.
82
23 + (74 - 140) + 9
-34
Calculate (9 - 10) + (-30 - -19) + 0 + -45.
-57
What is -20 - (-89 + 46) - -6?
29
Evaluate -1 - (5 - 3) - (-186 + 156 + (1 - -6)).
20
What is -977 + 985 + 1 + 18 + 4?
31
Calculate 0 - (-7 + -7 + (6 - -18) + 1 + -9).
-2
Evaluate -6 - (-59 + 5 + (60 - 55)).
43
Evaluate (-1 + -37 - ((37 - -19) + -54)) + 6.
-34
(-55 - (-34 - (-13 + (19 - 17)))) + (0 - -9)
-23
Evaluate (0 - -1) + 84 + -89 + 9 + 31.
36
Calculate -40 + (-2470 - -2477 - (1 + -112)).
78
What is the value of 50 + (-29 - 38) + 43?
26
What is 10 - (19 - (47 + -24) - (-53 - 1))?
-40
Evaluate (49 - (8 - (-34 + 23))) + 3.
33
(80 - (20 + (-13 + 10 - 5))) + -16
52
-49 + 78 + 20 + -20
29
What is the value of (15 - 20 - -21) + -34 + 2?
-16
What is (-14 - -29) + -81 + 52 + -37?
-51
-54 + 25 + (-18 - 17) + 16
-48
Calculate 31 - ((-34 - -64) + -40).
41
Calculate (1 - -7 - 0) + 0 - 7.
1
Calculate 3 + 16 + -11 + -23 + 13 + 9.
7
Evaluate 12 + 48 + -88 - -141.
113
What is the value of 8 - (4 - -43 - 90)?
51
What is 36 - (-35 + (6 - -50)) - -13?
28
What is the value of (40 + (-2 - -2) - (-70 - -62)) + -3?
45
What is -5 - -8 - (-20 + 16 + (9 - 6 - -61))?
-57
Evaluate 16 - (-36 - (11 + -3 - 2)) - 13.
45
-1 + (1 + -3 - 4 - (-644 - -667) - -13)
-17
What is the value of 15 - 0 - ((36 - 93) + -11 - -9)?
74
Evaluate -18 + -3 + 21 + 9 + 1.
10
Evaluate 7 - (-94 - -123 - -64).
-86
4 + (-14 - 76) - (3 + (-1 - 9) + 11)
-90
Calculate -28 + -2 - (-1289 - -1254).
5
What is the value of -12 - 175 - (-223 - -131)?
-95
Evaluate 167 - 126 - (-13 + (-9 - -19)).
44
77 + (-123 - -62 - -76)
92
What is -106 + 6 + 0 + (11 - 10) + -9 - 13?
-121
Evaluate 3 - 1 - ((-95 - -199) + -74).
-28
Evaluate (-3 - 0) + -7 - (17 - (-6 - -19)).
-14
((104 - 24) + -44 - 42) + -48
-54
(-4 - -15) + 4 - (-28 + (-10 - -27))
26
What is the value of 7 - (1 + 0 + -3 + 58 + -61)?
12
What is 0 + -32 + -5 + 38 + (-2 - (4 + 2))?
-7
Calculate -92 + -22 + 0 - (-96 + 90).
-108
Calculate 56 + -81 + 31 - (-38 + (-5 - -2) + 0).
47
What is 154 + -38 + (138 - 223)?
31
118 + (130 - 29 - 316)
-97
(35 - (19 + -21)) + 6 - 26
17
What is -4 - (152 - 67 - 61)?
-28
(-19 + 1 - ((9 - 92) + -41)) + -3
103
-8 - (1 + -4) - (-33 + 27) - 109 - -6
-102
-10 + 75 + (6 + (-44 - -15) - -13)
55
-53 - (5 + -11 - 34) - -96
83
(76 + -8 - 43 - (-6 - -49)) + 1 + 1
-16
Evaluate -2 + 10 + (3 + 3 - (25 + 14 + -40)).
15
Evaluate -113 + 9 + -21 - (-136 + 125).
-114
What is the value of (3 - 2) + 65 - (9 - (-63 - -58))?
52
What is 12 - ((131 - 170) + (17 - 1) - 10)?
45
Evaluate -11 + -3 + -70 + (-10 - -50).
-44
-38 + (33 + -27 - ((5 - 6) + -2)) + -10
-39
What is the value of (126 - 111) + (17 - -105)?
137
45 - (8 - (-14 + 14 + 7))
44
Calculate -3 + 0 + 7251 + -7175.
73
Calculate (81 - 86) + (-78 - -43).
-40
What is the value of 72 - 63 - -43 - 89?
-37
Evaluate (9 + 8 + -7 + (1 - 9) - 12) + 61.
51
What is 22 + 43 - (95 - 90)?
60
(0 - 10) + 28 + -35 + -20
-37
Calculate 44 + -27 + -6 - (14 - 9).
6
Calculate 